ided by z(-6).
18
Suppose -4*t + 310 = -5*j, 3*j - 18 = t - 99. What is the remainder when 897 is divided by t?
72
Suppose -6*o + 9*o = -6, -4*f = 5*o - 378. What is the remainder when f is divided by 6?
1
Let y = -19 + 11. Let z = y - -16. What is the remainder when 30 is divided by z?
6
Let y = 23 + -21. Suppose 5*g - 4*q = 22, 0 = 4*g + y*q - 0*q - 28. Calculate the remainder when 10 is divided by g.
4
Let b = 95 + -84. Suppose -354 = -4*y - c + 3*c, -3*y = c - 258. What is the remainder when y is divided by b?
10
Suppose 12*q - 21*q + 36 = 0. What is the remainder when 12 - (1 - (1 + 0)) is divided by q?
0
Let g be (-4)/(-1 + 0) - -2. Let h(f) = f**3 - 5*f**2 + f + 1. Calculate the remainder when 85 is divided by h(g).
42
Let i = -26 + 54. Let d = -202 - -64. Calculate the remainder when i is divided by 6/9 - d/9.
12
Let s(t) = t**2 + 3*t + 1. Let j be (-30)/4 - (-10)/(-20). What is the remainder when s(j) is divided by 15?
11
Let n(p) = 3*p - 7. Let k be 63/2 - (-6)/(-12). Suppose u = -0 + k. What is the remainder when u is divided by n(8)?
14
Let p = 4 - -7. Let l be (-7)/35*-6*390/4. Suppose -363 + l = -6*w. Calculate the remainder when w is divided by p.
8
Let j = -11 - -48. Let i(m) = 9*m**2 + 20*m + 4. Calculate the remainder when i(3) is divided by j.
34
What is the remainder when 2044*1/11 + (-1720)/(-9460) is divided by 48?
42
Suppose -3*h + 13 = 1. Suppose -h*z + 20 = -132. What is the remainder when z is divided by (0 + 1)*12 + 1?
12
Let s = -83 - -51. Let q = -20 - s. Let j = 47 - 0. What is the remainder when j is divided by q?
11
Let p be (-3)/(-6) + 3/(-6). Suppose 0 = -4*j + 4*r + 68, -3*j + r + 0*r + 49 = p. Suppose -43 - j = -o. What is the remainder when o is divided by 10?
9
Suppose 0 = 5*s - 4*a - 45 + 3, 2*s + 3*a = 3. Suppose -4*w - s*m + 60 = -3*m, 2*w - 2*m = 16. Calculate the remainder when 45 is divided by w.
9
Suppose 0*r + 4*r - 28 = 0. Suppose 9 - 2 = -r*n. What is the remainder when (-2 - n)/(-1) + 78 is divided by 20?
19
Suppose 4496 - 1782 = 59*c. What is the remainder when c is divided by 11?
2
Let s = 45 + -47. Let m = 37 - s. What is the remainder when m is divided by 10?
9
Suppose 17*u - 21*u + 428 = 0. Let a = u + -103. What is the remainder when 9 is divided by a?
1
Suppose 2*d + 524 = 6*d. Calculate the remainder when d is divided by 7.
5
Let o(t) = -15*t + 128. What is the remainder when o(-19) is divided by 84?
77
Let c(b) = -b**3 - 20*b**2 - 18*b + 23. Let d be c(-19). Suppose -4*t + 4*n + 101 = 17, 0 = -3*t + d*n + 67. What is the remainder when 33 is divided by t?
16
Suppose -k - 4*d = -23, -k = -5*d + 17 + 5. Suppose k*v = v + 18. Calculate the remainder when 24 is divided by v.
6
Let v = -238 - -336. Calculate the remainder when v is divided by 52.
46
Suppose 4*k - 14 = 58. Calculate the remainder when 79 is divided by k.
7
Let j(s) = 9*s - 42. What is the remainder when j(13) is divided by (-884)/(-22) - (-4 + (-184)/(-44))?
35
Suppose -92 = 25*m - 567. What is the remainder when 108 is divided by m?
13
Let m be 3/5 + (-6)/10. Suppose m = 3*l - 6*l - 3*n + 33, -n = -3*l + 49. What is the remainder when 72 is divided by l?
12
Suppose 4*f + 5 = 2*o - 1, -2*o - 2*f = 0. Suppose -3 = -v + o. Suppose 0 = 12*m - 7*m - 10. Calculate the remainder when v is divided by m.
0
Let a(c) = c**3 - 5*c**2 - 6*c + 4. Let l be a(6). Suppose -5*n + 394 - 114 = 0. Suppose l*u = 180 - n. Calculate the remainder when u is divided by 16.
15
Suppose 0 = 11*u - 7*u - 604. Calculate the remainder when u is divided by 19.
18
Let g be 10/(-4)*(-72)/10. Let u = g + -14. Suppose -3*q - 12 = -u*q. What is the remainder when 21 is divided by q?
9
Let z = 7 + 2. Calculate the remainder when (-3 + 7)/2 - -31 is divided by z.
6
Calculate the remainder when 63 is divided by 3*3/(-2*(-45)/40).
3
Let w(l) = 2*l**2 - 3*l + 6. What is the remainder when (-10)/(-25) - (-113)/5 is divided by w(2)?
7
Let y = -536 - -568. What is the remainder when 95 is divided by y?
31
Suppose 230 - 593 = -11*z. What is the remainder when 187 is divided by z?
22
Let w(k) = -3*k - 11. Calculate the remainder when 30 is divided by w(-5).
2
Let f(g) = -g**2 + 49. What is the remainder when 166 is divided by f(-5)?
22
Let j(b) = -2*b**3 + 10*b**2 - 5*b + 28. What is the remainder when 10 is divided by j(5)?
1
Let b = -151 + 160. What is the remainder when 28 is divided by b?
1
Let b = -1197 + 1221. What is the remainder when 95 is divided by b?
23
Let a = -44 + 62. Let r(s) = 15*s - 12. Let k(n) = n - 1. Let t(d) = 22*k(d) - 2*r(d). What is the remainder when t(-4) is divided by a?
16
Suppose g - 4*m = 20, 6*g + 64 = 11*g - 2*m. What is the remainder when 55 is divided by g?
7
Let j = 25 + -25. Suppose -5*g + 34 + 206 = j. What is the remainder when g is divided by 25?
23
Suppose 8*f = 280 - 104. Calculate the remainder when f is divided by 12.
10
Suppose -3*f - 334 - 438 = -5*c, 3*c + 3*f = 468. Suppose -11*g + c = -54. Suppose 2*o - 23 = -7. What is the remainder when g is divided by o?
3
Let n = 102 + -10. Suppose -m - 2*d = 6, -2*d - 4 = 2*m - 0*d. What is the remainder when n is divided by -4 + m + (-26)/(-1)?
20
Let m(i) = -i**2 + i + 1. Let g(d) = 6. Let y(n) = g(n) - 2*m(n). Let o be y(-4). Suppose 0 = 2*x - o - 82. What is the remainder when x is divided by 32?
31
Let y(f) = -13 - 154*f**2 + 4*f + 13*f - 165*f**2 + 320*f**2. What is the remainder when y(10) is divided by 43?
42
Let o(w) = w**3 - 3*w**2 - 17*w + 15. What is the remainder when o(8) is divided by 25?
24
What is the remainder when ((-16)/((-160)/2355))/(6/4) is divided by 55?
47
Suppose -2*b + 4*m = -28, 2*m = 4*b - 29 - 3. Let v = 138 + -112. Calculate the remainder when v is divided by b.
2
Let o(z) = 13*z - 766. Calculate the remainder when o(76) is divided by 9.
6
Suppose -51*y + 44*y = -14. Calculate the remainder when (-6 - -4) + 2 + 16/y is divided by 1.
0
Let d(n) be the first derivative of n**3/3 - n**2 - 9*n + 6. Let k be d(6). Let p = k - 3. What is the remainder when 46 is divided by p?
10
Suppose 11*u - 585 - 64 = 0. Calculate the remainder when u is divided by 10.
9
Suppose -66*l - 1656 = -84*l. What is the remainder when l is divided by 38?
16
Let i(a) = 5*a - 2. Suppose 2*d - 548 = -5*j, 5*j - 157*d = -154*d + 578. What is the remainder when j is divided by i(5)?
20
Suppose 3*p + 0*p - 183 = -3*i, -4*p = i - 76. What is the remainder when 109 is divided by i?
53
Suppose -21 = 4*m - 97. Suppose -3*z - 16 = -31. Suppose -z*g - 4 + 26 = 2*t, -g = -2*t + 22. Calculate the remainder when m is divided by t.
8
Let h be 147/2 - (-12)/(-24). Let b = -17 + h. Calculate the remainder when b is divided by 15.
11
Let q(o) = -o + 5. Suppose -2*p + 4*d = -34 - 12, -4*p + 53 = 5*d. Suppose 2*f - 5 = -p. Calculate the remainder when 32 is divided by q(f).
10
Suppose -17*k + 335 = 80. Calculate the remainder when 41 is divided by k.
11
Suppose 0*s - 2*s + 3*o = -6, s - 3 = o. Suppose -4*c = r - 39, -s*c - c + r = -49. What is the remainder when 32 is divided by c?
10
Suppose 13068*c - 136 = 13051*c. Calculate the remainder when (-11)/(-3)*6/1 is divided by c.
6
Suppose -3*t + 11 = u - 5*t, 5*u - 2*t - 47 = 0. What is the remainder when (-1 - -2)/(1/u) is divided by 5?
4
Let q be (-8)/(-1 - 1) + -2. Suppose -q*c = -6, 3*o - 5*c - 15 = o. What is the remainder when (-372)/(-9) + (-2)/(-3) is divided by o?
12
Let g = 8 + -13. Let n be (-12)/(-24) + g/(-2). Suppose -5*w + n*w + 92 = 0. Calculate the remainder when w is divided by 16.
14
Let a be 106/22 - (-2)/11. Suppose a*n - 5 = 5. What is the remainder when (6/4)/(3/18) is divided by n?
1
Let k(r) = r**3 + 21*r**2 + 51*r - 19. What is the remainder when 46 is divided by k(-18)?
11
Let b(g) = 25*g**3 - 4*g**2 + g + 2. What is the remainder when 191 is divided by b(1)?
23
What is the remainder when 369 is divided by 20/((-24)/(-14) - (-30)/105)?
9
Let l = 274 + -64. What is the remainder when l is divided by 43?
38
Calculate the remainder when 264 is divided by -3 - (-5)/((-50)/(-680)).
4
Let x be (3/(-2))/(4/(-16)). Let g(k) = k - 3. Let o be g(x). Suppose -2*n - o*n + 15 = 0. Calculate the remainder when 3 is divided by n.
0
Let m(z) = z + 3. What is the remainder when (2*(-1)/8)/(1/(-4)) is divided by m(-2)?
0
Let u(v) = v**2 - 9